 is the highest common factor of s and g?
27
Let d be ((-10)/(-2))/((-19)/(-19)). Suppose -d*x + 9 = 39. Let o(r) = -3*r - 9. Let v be o(x). Calculate the greatest common factor of v and 81.
9
Let n = 281 + -323. Let m be 1/(-8)*n*(3 + 73). Calculate the highest common factor of m and 42.
21
Let r be (-5 - 17/(-3))/(4/(-30)). Let x be 45 - 20/(-1 - r). Calculate the greatest common divisor of 15 and x.
5
Let f be ((-78)/(-26))/(2 + 1). Suppose -5*u + 14 = -f. Suppose -133 = -u*d + 299. Calculate the highest common factor of d and 36.
36
Let p(c) = 73*c**2 + 136*c - 136. Let b be p(1). Calculate the highest common divisor of 11461 and b.
73
Let f be (-132)/(-297) - (-208)/18. Suppose f*m + 3760 = 20*m. What is the highest common divisor of 10 and m?
10
Let a(z) = -z - 5. Let r be a(-5). Let h(x) = x + 8. Let y be h(r). Let p = 3405 - 3349. What is the highest common factor of p and y?
8
Let o = -16004 + 22597. Calculate the highest common factor of o and 19.
19
Suppose 0 = -3*j - 4*u + 2*u + 355, 0 = -2*j + 2*u + 260. Calculate the highest common factor of j and 5166.
123
Suppose -47*u = 10*u - 114. Let c be (-6)/(-21) - 864/(-14). Suppose -c = -2*z + 3*g + 43, -3*z = u*g - 125. Calculate the greatest common factor of 9 and z.
9
Let w = -10115 - -15523. What is the highest common divisor of w and 312?
104
Let p be 39 - -6363 - (-2 - 1) - 4. What is the highest common divisor of p and 37?
37
Let t(r) = -2*r**2 + 86*r - 725. Let z be t(14). What is the greatest common divisor of z and 2001?
87
Let a = -14 + -10. Let h = a - -28. Suppose 5*t = -h*u + 15, 3*u + 2*u - 3*t - 28 = 0. What is the highest common factor of u and 20?
5
Let b(d) = -46*d**3 + 10*d**3 + 2 - 2. Let a be b(-1). Let c be (-4 - -4 - -1)*4. Calculate the highest common factor of a and c.
4
Suppose -5*d + 242 = 2. Let l be ((-6)/4)/(9/d). Let b(t) = -t**3 - 7*t**2 + 3*t + 17. Let x be b(l). Calculate the highest common divisor of x and 38.
19
Suppose -187*s + 191*s + 16 = 0. Let j be 1/s - 0 - 195/(-12). Calculate the greatest common divisor of j and 16.
16
Let s = -10524 - -12288. What is the greatest common divisor of 108 and s?
36
Suppose 14*z = 47 + 23. Suppose 10*w = z*w + 75. Calculate the highest common factor of 135 and w.
15
Suppose 0 = i - 5*f - 9, -5*i - 5*f + 75 = -0. Suppose 6 = s - 29. What is the greatest common divisor of i and s?
7
Let h be -42 + 5214 - (3 - 1). Calculate the greatest common factor of 47 and h.
47
Let o = 22794 - 21578. What is the highest common divisor of 1444 and o?
76
Suppose 0 = -k + 6*k + 5*t, k = -2*t - 4. Suppose -k*n - 12 = -7*n, 2*n = -5*v + 1783. What is the highest common divisor of 71 and v?
71
Let k be (3 + -2 + -40)*(-4)/6. Let g be (-16)/104 - (-5750)/k. What is the greatest common divisor of g and 13?
13
Let t = -7903 + 9001. Calculate the highest common divisor of 63 and t.
9
Suppose 22*z - 21 = -109. Let k be (-10)/z*336/140. Calculate the greatest common factor of k and 6.
6
Suppose -3*h + 9 = 3. Let g = -704 - -708. What is the highest common divisor of h and g?
2
Suppose 0 = 2415*n - 2465*n + 180800. Calculate the greatest common factor of n and 32.
32
Let r(h) = -3*h**2 + 26*h + 53. Let y be r(8). What is the greatest common factor of 276 and y?
69
Suppose 285120 = 104*n + 22*n - 16*n. Calculate the highest common divisor of n and 6.
6
Let c = 557 - 211. Let h = 356 - c. Let m be (-20)/(-6)*(2 + 1). Calculate the greatest common divisor of h and m.
10
Let b be (3/(-6))/(3*(-4)/120). Suppose 2*z - 2*s = 1308, -2*s + 3254 = b*z - 3*s. What is the highest common divisor of z and 26?
26
Let p be (-12552)/(-17) - 24/68. What is the greatest common factor of 288 and p?
18
Suppose -2*t + 5*w + 24 = 0, 14*w = -2*t + 220 - 158. Let l be (1/2)/(1/4). Let z be ((-6)/(-2))/(l/102). Calculate the greatest common divisor of z and t.
17
Suppose -15*a = -4*a - 3300. Let q = a + -260. Calculate the greatest common divisor of q and 60.
20
Let p be 6*-5*((-80)/15 + -10). Let s = p - 429. Let z be 4/(-1*2)*-62. Calculate the highest common factor of z and s.
31
Let g be -2*(1 + 282/4). Let u = -91 - g. Suppose -3174*s = -3250*s + 991 - 3. Calculate the highest common factor of u and s.
13
Let q = -55 - -57. Suppose -64 = -q*v - 5*o + o, -128 = -4*v + 5*o. Let z = v - 27. What is the highest common factor of z and 2?
1
Suppose -12*t - 854 + 4874 = 0. Let p = -290 + t. What is the greatest common factor of 9 and p?
9
Let v(w) = -w**2 - 8*w + 13. Let q be v(-9). Let p be 5/(-20) - (-9)/q. Suppose -4*l + 530 = p*x, 2 = -x + 3*x. What is the highest common divisor of 12 and l?
12
Suppose 1056 - 192 = 9*f. Suppose -2*g + f = -426. What is the greatest common divisor of g and 9?
9
Let g = -1692 - -1709. Suppose q - g = y, -41 = 4*q - 3*y - 111. Let z(d) = 6*d**2 + 8*d + 3. Let r be z(-6). Calculate the highest common divisor of r and q.
19
Let n be (3 - 5)*(-18)/4. Suppose n - 689 = -5*q. Let d = 14 - -3. What is the greatest common divisor of d and q?
17
Suppose -2*g = -o - 12, -22*g = -23*g + 7. Calculate the greatest common factor of 362 and o.
2
Let x(f) = 4*f**3 - 25*f**2 + 6*f + 91. Let z(h) = h**3 + 1. Let d(l) = -x(l) + 5*z(l). Let w be d(-25). What is the highest common divisor of w and 16?
16
Let p = -2219 - -2255. Let o = 202 - 130. Calculate the greatest common divisor of o and p.
36
Let x = -496 + 508. What is the greatest common divisor of x and 64?
4
Let d = -17 - -26. Suppose 140 + 395 = 54*x - 113. What is the highest common divisor of d and x?
3
Suppose 1415*d - 132 = 1421*d. Let b = -118 + 82. Let i = d - b. Calculate the highest common factor of i and 98.
14
Let l(i) = -i**2 - i - 3. Let t be l(0). Suppose -8*d + 20 = 12*d. Let b = d - t. What is the highest common factor of b and 8?
4
Suppose k = -4*p + 3556, -13*k - 10556 = -16*k + 4*p. What is the greatest common factor of k and 396?
36
Let v(t) = 15*t - 1. Let m be v(2). Let u(x) = 3*x + 25. Let j be u(8). Suppose -2*r + j = m. Calculate the greatest common divisor of r and 10.
10
Let y(f) = -2*f + 18. Let g be y(-8). Let d = -28 + g. Suppose 0 = d*r - 65 + 17. What is the highest common divisor of 8 and r?
8
Suppose 0*k = 5*k + 15. Let d(s) = -s**3 + s**2 - 4*s + 3. Let h be d(2). Let o be k*2*h/6. Calculate the highest common factor of o and 15.
3
Let z = -2 + 5. Suppose -z = -3*f + 3. Let b be 4/(-16)*-4 + (f - 1). Calculate the greatest common divisor of 10 and b.
2
Suppose 318*z - 13646 + 5378 = 0. What is the greatest common factor of z and 176?
2
Let v(d) = -63*d - 381. Let a(c) = -188*c - 1137. Let i(z) = 2*a(z) - 7*v(z). Let r be i(-6). Calculate the greatest common divisor of 183 and r.
3
Let r(x) = -2*x**3 - 18*x**2 - 14*x + 74. Let y be r(-19). What is the highest common divisor of y and 240?
120
Let h(w) = 7*w**2 + 135*w - 46. Let x be h(-20). What is the highest common factor of x and 7479?
27
Suppose u - 5 = -1. Suppose 4*g - 6*g = -0*g. Suppose g = 2*i - 91 + 51. What is the highest common divisor of u and i?
4
Let k = 139 + -71. Let i be -1 - 3 - (4 + 254/(-2)). Calculate the highest common divisor of i and k.
17
Let d = -12670 - -12724. Calculate the greatest common factor of d and 14985.
27
Let b = -1384 - -898. Let d = b - -545. What is the highest common divisor of d and 295?
59
Suppose 118343*p = 118316*p + 2376. Let q be (-3*1 - -1) + 13. What is the greatest common divisor of p and q?
11
Let d be ((-24)/(-120))/(2/6)*10. What is the highest common divisor of 1959 and d?
3
Suppose -3*j + 4*l + 1 - 13 = 0, 2*l = 5*j + 6. Suppose 13*v - 187 - 398 = j. Suppose 180 = 5*s - 2*s. What is the highest common factor of v and s?
15
Suppose -5 = -2*m + 2*w + 5, -2*w - 5 = -m. Suppose u = m*k - 2 - 3, -u = 2*k - 9. Suppose -k*d + 38 + 12 = 0. What is the highest common divisor of d and 200?
25
Let s = -9 + 19. Suppose 5*i = s*i - 40. Let q be ((-36)/i + 4)*(-280)/4. What is the greatest common factor of q and 7?
7
Let p be ((-1057)/21*-6)/(16/232). Calculate the highest common factor of p and 29.
29
Let z(q) = q**3 - 5*q**2 + 7*q - 7. Let h be z(5). Suppose 0*i - i + h = 0. Let c = 43412 - 43104. What is the greatest common divisor of i and c?
28
Suppose 0 = 4*g - 3*o - 220, 5*g - o = 6*g - 62. Let s = 96 - 134. Let l = g + s. Calculate the greatest common facto